{"id":100,"date":"2015-03-11T15:20:49","date_gmt":"2015-03-11T13:20:49","guid":{"rendered":"http:\/\/www.koivusilta.fi\/?page_id=100"},"modified":"2015-04-05T09:17:58","modified_gmt":"2015-04-05T07:17:58","slug":"kalusto","status":"publish","type":"page","link":"https:\/\/www.koivusilta.fi\/?page_id=100","title":{"rendered":"Kalusto"},"content":{"rendered":"<ul>\n<li>Case 580 kaivurikuormaaja<\/li>\n<li>traktoreita kokoluokissa 60-80hv<\/li>\n<li>per\u00e4k\u00e4rry polttopuiden ja maan kuljetukseen sek\u00e4 mets\u00e4per\u00e4k\u00e4rry kuormaimella risujen ja puiden ajoon.<\/li>\n<li>moottorisahoja, raivaussahoja, ruohonleikkuri ym. pienkoneita<\/li>\n<\/ul>\n<p>Tarvittaessa k\u00e4yt\u00e4mme my\u00f6s muiden paikallisten urakoitsijoiden palveluita tai vuokrakoneita.<\/p>\n","protected":false},"excerpt":{"rendered":"<p>Case 580 kaivurikuormaaja traktoreita kokoluokissa 60-80hv per\u00e4k\u00e4rry polttopuiden ja maan kuljetukseen sek\u00e4 mets\u00e4per\u00e4k\u00e4rry kuormaimella risujen ja puiden ajoon. moottorisahoja, raivaussahoja, ruohonleikkuri ym. pienkoneita Tarvittaessa k\u00e4yt\u00e4mme my\u00f6s muiden paikallisten urakoitsijoiden palveluita tai vuokrakoneita.<\/p>\n","protected":false},"author":1,"featured_media":0,"parent":17,"menu_order":2,"comment_status":"closed","ping_status":"open","template":"","meta":{"footnotes":""},"class_list":["post-100","page","type-page","status-publish","hentry"],"_links":{"self":[{"href":"https:\/\/www.koivusilta.fi\/index.php?rest_route=\/wp\/v2\/pages\/100","targetHints":{"allow":["GET"]}}],"collection":[{"href":"https:\/\/www.koivusilta.fi\/index.php?rest_route=\/wp\/v2\/pages"}],"about":[{"href":"https:\/\/www.koivusilta.fi\/index.php?rest_route=\/wp\/v2\/types\/page"}],"author":[{"embeddable":true,"href":"https:\/\/www.koivusilta.fi\/index.php?rest_route=\/wp\/v2\/users\/1"}],"replies":[{"embeddable":true,"href":"https:\/\/www.koivusilta.fi\/index.php?rest_route=%2Fwp%2Fv2%2Fcomments&post=100"}],"version-history":[{"count":1,"href":"https:\/\/www.koivusilta.fi\/index.php?rest_route=\/wp\/v2\/pages\/100\/revisions"}],"predecessor-version":[{"id":102,"href":"https:\/\/www.koivusilta.fi\/index.php?rest_route=\/wp\/v2\/pages\/100\/revisions\/102"}],"up":[{"embeddable":true,"href":"https:\/\/www.koivusilta.fi\/index.php?rest_route=\/wp\/v2\/pages\/17"}],"wp:attachment":[{"href":"https:\/\/www.koivusilta.fi\/index.php?rest_route=%2Fwp%2Fv2%2Fmedia&parent=100"}],"curies":[{"name":"wp","href":"https:\/\/api.w.org\/{rel}","templated":true}]}}